y 16?
10
What is the remainder when 358 is divided by 60?
58
Calculate the remainder when 78 is divided by 42.
36
Calculate the remainder when 111 is divided by 39.
33
Calculate the remainder when 282 is divided by 19.
16
What is the remainder when 197 is divided by 53?
38
Calculate the remainder when 1143 is divided by 43.
25
Calculate the remainder when 152 is divided by 89.
63
What is the remainder when 2436 is divided by 27?
6
What is the remainder when 379 is divided by 31?
7
What is the remainder when 45 is divided by 10?
5
Calculate the remainder when 711 is divided by 173.
19
Calculate the remainder when 3581 is divided by 1193.
2
What is the remainder when 462 is divided by 15?
12
What is the remainder when 4597 is divided by 98?
89
Calculate the remainder when 320 is divided by 35.
5
What is the remainder when 76 is divided by 72?
4
What is the remainder when 1207 is divided by 67?
1
Calculate the remainder when 250 is divided by 40.
10
What is the remainder when 685 is divided by 69?
64
What is the remainder when 1256 is divided by 126?
122
What is the remainder when 571 is divided by 22?
21
What is the remainder when 239 is divided by 118?
3
What is the remainder when 81 is divided by 41?
40
Calculate the remainder when 5697 is divided by 76.
73
Calculate the remainder when 1304 is divided by 319.
28
What is the remainder when 2140 is divided by 303?
19
What is the remainder when 5019 is divided by 32?
27
What is the remainder when 184 is divided by 119?
65
Calculate the remainder when 146 is divided by 38.
32
What is the remainder when 139 is divided by 24?
19
Calculate the remainder when 449 is divided by 30.
29
Calculate the remainder when 187 is divided by 63.
61
What is the remainder when 89 is divided by 54?
35
Calculate the remainder when 80 is divided by 14.
10
Calculate the remainder when 112 is divided by 38.
36
Calculate the remainder when 841 is divided by 47.
42
What is the remainder when 50 is divided by 30?
20
What is the remainder when 711 is divided by 352?
7
What is the remainder when 2793 is divided by 927?
12
What is the remainder when 209 is divided by 10?
9
Calculate the remainder when 111 is divided by 8.
7
What is the remainder when 14371 is divided by 19?
7
What is the remainder when 99 is divided by 22?
11
Calculate the remainder when 415 is divided by 210.
205
What is the remainder when 988 is divided by 22?
20
Calculate the remainder when 250 is divided by 67.
49
What is the remainder when 379 is divided by 98?
85
Calculate the remainder when 243 is divided by 30.
3
What is the remainder when 575 is divided by 48?
47
Calculate the remainder when 145 is divided by 40.
25
Calculate the remainder when 738 is divided by 119.
24
What is the remainder when 4307 is divided by 1074?
11
Calculate the remainder when 6042 is divided by 72.
66
What is the remainder when 1497 is divided by 54?
39
Calculate the remainder when 74 is divided by 53.
21
Calculate the remainder when 186 is divided by 104.
82
What is the remainder when 1511 is divided by 7?
6
What is the remainder when 2787 is divided by 104?
83
What is the remainder when 106 is divided by 90?
16
What is the remainder when 257 is divided by 14?
5
What is the remainder when 193 is divided by 55?
28
Calculate the remainder when 5969 is divided by 44.
29
Calculate the remainder when 3537 is divided by 14.
9
Calculate the remainder when 552 is divided by 116.
88
What is the remainder when 1403 is divided by 129?
113
Calculate the remainder when 191 is divided by 49.
44
Calculate the remainder when 11789 is divided by 90.
89
Calculate the remainder when 164 is divided by 15.
14
What is the remainder when 133 is divided by 8?
5
Calculate the remainder when 103 is divided by 53.
50
What is the remainder when 843 is divided by 84?
3
What is the remainder when 20906 is divided by 85?
81
Calculate the remainder when 409 is divided by 36.
13
Calculate the remainder when 334 is divided by 16.
14
Calculate the remainder when 1315 is divided by 14.
13
What is the remainder when 148 is divided by 22?
16
Calculate the remainder when 447 is divided by 65.
57
What is the remainder when 48 is divided by 26?
22
Calculate the remainder when 453 is divided by 8.
5
What is the remainder when 175 is divided by 60?
55
Calculate the remainder when 41 is divided by 39.
2
What is the remainder when 3519 is divided by 4?
3
What is the remainder when 16559 is divided by 180?
179
What is the remainder when 769 is divided by 19?
9
What is the remainder when 836 is divided by 124?
92
Calculate the remainder when 39 is divided by 7.
4
Calculate the remainder when 218 is divided by 95.
28
Calculate the remainder when 44 is divided by 16.
12
Calculate the remainder when 51 is divided by 8.
3
What is the remainder when 2529 is divided by 504?
9
Calculate the remainder when 346 is divided by 44.
38
Calculate the remainder when 1417 is divided by 20.
17
Calculate the remainder when 897 is divided by 50.
47
Calculate the remainder when 498 is divided by 125.
123
Calculate the remainder when 624 is divided by 18.
12
What is the remainder when 302 is divided by 99?
5
What is the remainder when 395 is divided by 317?
78
What is the remainder when 116 is divided by 51?
14
Calculate the remainder when 105 is divided by 18.
15
Calculate the remainder when 81 is divided by 29.
23
What is the remainder when 398 is divided by 387?
11
Calculate the remainder when 158 is divided by 62.
34
What is the remainder when 463 is divided by 93?
91
What is the remainder when 34 is divided by 17?
0
Calculate the remainder when 105 is divided by 54.
51
What is the remainder when 272 is divided by 99?
74
What is the remainder when 358 is divided by 24?
22
What is the remainder when 167 is divided by 21?
20
Calculate the remainder when 88 is divided by 50.
38
What is the remainder when 914 is divided by 154?
144
Calculate the remainder when 562 is divided by 142.
136
Calculate the remainder when 1102 is divided by 211.
47
What is the remainder when 169 is divided by 79?
11
What is the remainder when 15023 is divided by 167?
160
What is the remainder when 179 is divided by 36?
35
Calculate the remainder when 470 is divided by 82.
60
What is the remainder when 6476 is divided by 15?
11
What is the remainder when 5997 is divided by 60?
57
What is the remainder when 67 is divided by 22?
1
What is the remainder when 8688 is divided by 164?
160
Calculate the remainder when 810 is divided by 34.
28
Calculate the remainder when 6761 is divided by 46.
45
Calculate the remainder when 3147 is divided by 45.
42
What is the remainder when 7525 is divided by 53?
52
Calculate the remainder when 178 is divided by 19.
7
What is the remainder when 956 is divided by 63?
11
Calculate the remainder when 860 is divided by 64.
28
What is the remainder when 438 is divided by 135?
33
What is the remainder when 211 is divided by 132?
79
Calculate the remainder when 496 is divided by 26.
2
What is the remainder when 171 is divided by 38?
19
What is the remainder when 21 is divided by 5?
1
Calculate the remainder when 133 is divided by 35.
28
What is the remainder when 7781 is divided by 181?
179
Calculate the remainder when 369 is divided by 29.
21
Calculate the remainder when 632 is divided by 92.
80
Calculate the remainder when 1068 is divided by 119.
116
Calculate the remainder when 54 is divided by 45.
9
Calculate the remainder when 512 is divided by 19.
18
Calculate the remainder when 72 is divided by 40.
32
What is the remainder when 8115 is divided by 1622?
5
What is the remainder when 665 is divided by 176?
137
What is the remainder when 481 is divided by 10?
1
Calculate the remainder when 719 is divided by 147.
131
What is the remainder when 111 is divided by 30?
21
Calculate the remainder when 18779 is divided by 16.
11
What is the remainder when 1016 is divided by 113?
112
What is the remainder when 123 is divided by 6?
3
Calculate the remainder when 199 is divided by 78.
43
What is the remainder when 503 is divided by 71?
6
What is the remainder when 2440 is divided by 102?
94
What is the remainder when 100 is divided by 23?
8
What is the remainder when 1130 is divided by 350?
80
What is the remainder when 46 is divided by 6?
4
C